{"id":9810,"date":"2023-04-29T21:33:20","date_gmt":"2023-04-29T21:33:20","guid":{"rendered":"https:\/\/maelyneevolution.com\/?page_id=9810"},"modified":"2023-05-08T20:09:57","modified_gmt":"2023-05-08T20:09:57","slug":"promoflashpro","status":"publish","type":"page","link":"https:\/\/maelyneevolution.com\/index.php\/promoflashpro\/","title":{"rendered":"Promoflashpro"},"content":{"rendered":"\t\t<div data-elementor-type=\"wp-page\" data-elementor-id=\"9810\" class=\"elementor elementor-9810\">\n\t\t\t\t\t\t<section class=\"elementor-section elementor-top-section elementor-element elementor-element-897ff3e elementor-section-boxed elementor-section-height-default elementor-section-height-default\" data-id=\"897ff3e\" data-element_type=\"section\">\n\t\t\t\t\t\t<div class=\"elementor-container elementor-column-gap-default\">\n\t\t\t\t\t<div class=\"elementor-column elementor-col-100 elementor-top-column elementor-element elementor-element-3a58635\" data-id=\"3a58635\" data-element_type=\"column\" data-settings=\"{&quot;background_background&quot;:&quot;classic&quot;}\">\n\t\t\t<div class=\"elementor-widget-wrap elementor-element-populated\">\n\t\t\t\t\t\t<div class=\"elementor-element elementor-element-6208159 elementor-invisible elementor-widget elementor-widget-text-editor\" data-id=\"6208159\" data-element_type=\"widget\" data-settings=\"{&quot;_animation&quot;:&quot;fadeInUp&quot;}\" data-widget_type=\"text-editor.default\">\n\t\t\t\t<div class=\"elementor-widget-container\">\n\t\t\t<style>\/*! elementor - v3.23.0 - 05-08-2024 *\/\n.elementor-widget-text-editor.elementor-drop-cap-view-stacked .elementor-drop-cap{background-color:#69727d;color:#fff}.elementor-widget-text-editor.elementor-drop-cap-view-framed .elementor-drop-cap{color:#69727d;border:3px solid;background-color:transparent}.elementor-widget-text-editor:not(.elementor-drop-cap-view-default) .elementor-drop-cap{margin-top:8px}.elementor-widget-text-editor:not(.elementor-drop-cap-view-default) .elementor-drop-cap-letter{width:1em;height:1em}.elementor-widget-text-editor .elementor-drop-cap{float:left;text-align:center;line-height:1;font-size:50px}.elementor-widget-text-editor .elementor-drop-cap-letter{display:inline-block}<\/style>\t\t\t\t<p style=\"text-align: center;\"><strong>Vous souhaitez devenir ind\u00e9pendant dans les m\u00e9tiers du bien-\u00eatre ?<\/strong><\/p><p style=\"text-align: center;\">Nous avons une offre exceptionnelle pour vous !<\/p><p style=\"text-align: center;\">Pendant une dur\u00e9e limit\u00e9e, nous vous proposons un pack de <strong><span style=\"color: #993300;\">10 formations pour le prix d&rsquo;une !<\/span><\/strong><\/p><p style=\"text-align: center;\"><strong>10 formations<\/strong> e-learning certifiantes (Maelyne Evolution) exclusives pour vous aider \u00e0 acqu\u00e9rir les comp\u00e9tences n\u00e9cessaires pour lancer rapidement votre activit\u00e9.<\/p>\t\t\t\t\t\t<\/div>\n\t\t\t\t<\/div>\n\t\t\t\t<div class=\"elementor-element elementor-element-33687fb elementor-invisible elementor-widget elementor-widget-image\" data-id=\"33687fb\" data-element_type=\"widget\" data-settings=\"{&quot;_animation&quot;:&quot;bounceIn&quot;}\" data-widget_type=\"image.default\">\n\t\t\t\t<div class=\"elementor-widget-container\">\n\t\t\t<style>\/*! elementor - v3.23.0 - 05-08-2024 *\/\n.elementor-widget-image{text-align:center}.elementor-widget-image a{display:inline-block}.elementor-widget-image a img[src$=\".svg\"]{width:48px}.elementor-widget-image img{vertical-align:middle;display:inline-block}<\/style>\t\t\t\t\t\t\t\t\t\t<img fetchpriority=\"high\" decoding=\"async\" width=\"1059\" height=\"774\" src=\"https:\/\/maelyneevolution.com\/wp-content\/uploads\/2023\/05\/pack10.jpg\" class=\"attachment-full size-full wp-image-9963\" alt=\"\" srcset=\"https:\/\/maelyneevolution.com\/wp-content\/uploads\/2023\/05\/pack10.jpg 1059w, https:\/\/maelyneevolution.com\/wp-content\/uploads\/2023\/05\/pack10-300x219.jpg 300w, https:\/\/maelyneevolution.com\/wp-content\/uploads\/2023\/05\/pack10-1024x748.jpg 1024w, https:\/\/maelyneevolution.com\/wp-content\/uploads\/2023\/05\/pack10-768x561.jpg 768w\" sizes=\"(max-width: 1059px) 100vw, 1059px\" \/>\t\t\t\t\t\t\t\t\t\t\t\t\t<\/div>\n\t\t\t\t<\/div>\n\t\t\t\t<div class=\"elementor-element elementor-element-e8b36d8 elementor-invisible elementor-widget elementor-widget-text-editor\" data-id=\"e8b36d8\" data-element_type=\"widget\" data-settings=\"{&quot;_animation&quot;:&quot;fadeInDown&quot;}\" data-widget_type=\"text-editor.default\">\n\t\t\t\t<div class=\"elementor-widget-container\">\n\t\t\t\t\t\t\t<p>Gr\u00e2ce \u00e0 ces cours, vous apprendrez<strong> tout ce dont vous avez besoin<\/strong> pour d\u00e9marrer votre entreprise individuelle au plus vite, et vous pourrez proposer\u00a0 des protocoles Maelyne \u00e0 l&rsquo;efficacit\u00e9 reconnue.<\/p><p>Vous d\u00e9couvrirez les origines et les b\u00e9n\u00e9fices des massages, vous apprendrez \u00e0 maitriser les accessoires et les techniques les plus efficaces pour aider vos clients \u00e0 atteindre leurs objectifs, ainsi que les meilleures pratiques pour g\u00e9rer votre entreprise.<\/p>\t\t\t\t\t\t<\/div>\n\t\t\t\t<\/div>\n\t\t\t\t\t<\/div>\n\t\t<\/div>\n\t\t\t\t\t<\/div>\n\t\t<\/section>\n\t\t\t\t<section class=\"elementor-section elementor-top-section elementor-element elementor-element-fd2cbf4 elementor-section-boxed elementor-section-height-default elementor-section-height-default\" data-id=\"fd2cbf4\" data-element_type=\"section\">\n\t\t\t\t\t\t<div class=\"elementor-container elementor-column-gap-default\">\n\t\t\t\t\t<div class=\"elementor-column elementor-col-33 elementor-top-column elementor-element elementor-element-29882f1\" data-id=\"29882f1\" data-element_type=\"column\">\n\t\t\t<div class=\"elementor-widget-wrap\">\n\t\t\t\t\t\t\t<\/div>\n\t\t<\/div>\n\t\t\t\t<div class=\"elementor-column elementor-col-33 elementor-top-column elementor-element elementor-element-d2c6dc0\" data-id=\"d2c6dc0\" data-element_type=\"column\">\n\t\t\t<div class=\"elementor-widget-wrap elementor-element-populated\">\n\t\t\t\t\t\t<div class=\"elementor-element elementor-element-20d22af elementor-widget elementor-widget-video\" data-id=\"20d22af\" data-element_type=\"widget\" data-settings=\"{&quot;youtube_url&quot;:&quot;https:\\\/\\\/youtu.be\\\/5eLYoacK7i4&quot;,&quot;autoplay&quot;:&quot;yes&quot;,&quot;play_on_mobile&quot;:&quot;yes&quot;,&quot;video_type&quot;:&quot;youtube&quot;,&quot;controls&quot;:&quot;yes&quot;}\" data-widget_type=\"video.default\">\n\t\t\t\t<div class=\"elementor-widget-container\">\n\t\t\t<style>\/*! elementor - v3.23.0 - 05-08-2024 *\/\n.elementor-widget-video .elementor-widget-container{overflow:hidden;transform:translateZ(0)}.elementor-widget-video .elementor-wrapper{aspect-ratio:var(--video-aspect-ratio)}.elementor-widget-video .elementor-wrapper iframe,.elementor-widget-video .elementor-wrapper video{height:100%;width:100%;display:flex;border:none;background-color:#000}@supports not (aspect-ratio:1\/1){.elementor-widget-video .elementor-wrapper{position:relative;overflow:hidden;height:0;padding-bottom:calc(100% \/ var(--video-aspect-ratio))}.elementor-widget-video .elementor-wrapper iframe,.elementor-widget-video .elementor-wrapper video{position:absolute;top:0;right:0;bottom:0;left:0}}.elementor-widget-video .elementor-open-inline .elementor-custom-embed-image-overlay{position:absolute;top:0;right:0;bottom:0;left:0;background-size:cover;background-position:50%}.elementor-widget-video .elementor-custom-embed-image-overlay{cursor:pointer;text-align:center}.elementor-widget-video .elementor-custom-embed-image-overlay:hover .elementor-custom-embed-play i{opacity:1}.elementor-widget-video .elementor-custom-embed-image-overlay img{display:block;width:100%;aspect-ratio:var(--video-aspect-ratio);-o-object-fit:cover;object-fit:cover;-o-object-position:center center;object-position:center center}@supports not (aspect-ratio:1\/1){.elementor-widget-video .elementor-custom-embed-image-overlay{position:relative;overflow:hidden;height:0;padding-bottom:calc(100% \/ var(--video-aspect-ratio))}.elementor-widget-video .elementor-custom-embed-image-overlay img{position:absolute;top:0;right:0;bottom:0;left:0}}.elementor-widget-video .e-hosted-video .elementor-video{-o-object-fit:cover;object-fit:cover}.e-con-inner>.elementor-widget-video,.e-con>.elementor-widget-video{width:var(--container-widget-width);--flex-grow:var(--container-widget-flex-grow)}<\/style>\t\t<div class=\"elementor-wrapper elementor-open-inline\">\n\t\t\t<div class=\"elementor-video\"><\/div>\t\t<\/div>\n\t\t\t\t<\/div>\n\t\t\t\t<\/div>\n\t\t\t\t\t<\/div>\n\t\t<\/div>\n\t\t\t\t<div class=\"elementor-column elementor-col-33 elementor-top-column elementor-element elementor-element-64af7f3\" data-id=\"64af7f3\" data-element_type=\"column\">\n\t\t\t<div class=\"elementor-widget-wrap\">\n\t\t\t\t\t\t\t<\/div>\n\t\t<\/div>\n\t\t\t\t\t<\/div>\n\t\t<\/section>\n\t\t\t\t<section class=\"elementor-section elementor-top-section elementor-element elementor-element-6e4183b4 elementor-section-boxed elementor-section-height-default elementor-section-height-default\" data-id=\"6e4183b4\" data-element_type=\"section\" data-settings=\"{&quot;background_background&quot;:&quot;classic&quot;}\">\n\t\t\t\t\t\t<div class=\"elementor-container elementor-column-gap-default\">\n\t\t\t\t\t<div class=\"elementor-column elementor-col-100 elementor-top-column elementor-element elementor-element-355941d2\" data-id=\"355941d2\" data-element_type=\"column\">\n\t\t\t<div class=\"elementor-widget-wrap elementor-element-populated\">\n\t\t\t\t\t\t<div class=\"elementor-element elementor-element-56938af elementor-widget elementor-widget-text-editor\" data-id=\"56938af\" data-element_type=\"widget\" data-widget_type=\"text-editor.default\">\n\t\t\t\t<div class=\"elementor-widget-container\">\n\t\t\t\t\t\t\t<p style=\"text-align: center;\"><strong>Promotion valable du 8 au 15 Mai 2023<\/strong><\/p>\t\t\t\t\t\t<\/div>\n\t\t\t\t<\/div>\n\t\t\t\t<div class=\"elementor-element elementor-element-1b0ef75 elementor-invisible elementor-widget elementor-widget-text-editor\" data-id=\"1b0ef75\" data-element_type=\"widget\" data-settings=\"{&quot;_animation&quot;:&quot;fadeInLeft&quot;}\" data-widget_type=\"text-editor.default\">\n\t\t\t\t<div class=\"elementor-widget-container\">\n\t\t\t\t\t\t\t<p><strong>Liste des 10 formations propos\u00e9es :<\/strong><\/p><ul><li>R\u00e9flexologie plantaire<\/li><li>R\u00e9flexologie palmaire<\/li><li>R\u00e9flexologie cr\u00e2nio-faciale<\/li><li>Massage ayurv\u00e9dique \u00e0 l&rsquo;huile chaude<\/li><li>Massage ayurv\u00e9dique aux tampons herbeux<\/li><li>Massage ayurv\u00e9dique aux pierres chaudes<\/li><li>Massage liftant du visage et du buste<\/li><li>Shiatsu d\u00e9tente<\/li><li>Tui Na minceur<\/li><li>Initiation \u00e0 la Lithoth\u00e9rapie<\/li><\/ul>\t\t\t\t\t\t<\/div>\n\t\t\t\t<\/div>\n\t\t\t\t<div class=\"elementor-element elementor-element-8a9abbd elementor-invisible elementor-widget elementor-widget-image\" data-id=\"8a9abbd\" data-element_type=\"widget\" data-settings=\"{&quot;_animation&quot;:&quot;fadeIn&quot;}\" data-widget_type=\"image.default\">\n\t\t\t\t<div class=\"elementor-widget-container\">\n\t\t\t\t\t\t\t\t\t\t\t\t\t<img decoding=\"async\" width=\"800\" height=\"727\" src=\"https:\/\/maelyneevolution.com\/wp-content\/uploads\/2023\/05\/prompc2.jpg\" class=\"attachment-large size-large wp-image-10056\" alt=\"\" srcset=\"https:\/\/maelyneevolution.com\/wp-content\/uploads\/2023\/05\/prompc2.jpg 898w, https:\/\/maelyneevolution.com\/wp-content\/uploads\/2023\/05\/prompc2-300x273.jpg 300w, https:\/\/maelyneevolution.com\/wp-content\/uploads\/2023\/05\/prompc2-768x698.jpg 768w\" sizes=\"(max-width: 800px) 100vw, 800px\" \/>\t\t\t\t\t\t\t\t\t\t\t\t\t<\/div>\n\t\t\t\t<\/div>\n\t\t\t\t<div class=\"elementor-element elementor-element-7ab48d2 elementor-invisible elementor-widget elementor-widget-text-editor\" data-id=\"7ab48d2\" data-element_type=\"widget\" data-settings=\"{&quot;_animation&quot;:&quot;rubberBand&quot;}\" data-widget_type=\"text-editor.default\">\n\t\t\t\t<div class=\"elementor-widget-container\">\n\t\t\t\t\t\t\t<p>Maelyne Evolution, c&rsquo;est plus de <strong>10 000<\/strong> formations vendues, un taux de satisfaction de 9,5 \/10 avec un<span style=\"text-decoration: underline;\"><strong><a href=\"https:\/\/maelyneevolution.com\/index.php\/integrale-livre-dor\/\"> livre d&rsquo;or<\/a> <\/strong><\/span>de plus de 840 t\u00e9moignages. En voici un extrait :<\/p>\t\t\t\t\t\t<\/div>\n\t\t\t\t<\/div>\n\t\t\t\t<div class=\"elementor-element elementor-element-2cf18e2 elementor-invisible elementor-widget elementor-widget-text-editor\" data-id=\"2cf18e2\" data-element_type=\"widget\" data-settings=\"{&quot;_animation&quot;:&quot;fadeInUp&quot;}\" data-widget_type=\"text-editor.default\">\n\t\t\t\t<div class=\"elementor-widget-container\">\n\t\t\t\t\t\t\t<p><em>\u00ab\u00a0Je tiens \u00e0 vous f\u00e9liciter pour le contenu de cette formation en r\u00e9flexologie plantaire. Pour avoir r\u00e9alis\u00e9 d&rsquo;autres formations en ligne sur de grands sites connus, la votre est de loin la plus compl\u00e8te et accessible au plus grand nombre\u00a0\u00bb (Emmanuelle)<\/em><\/p>\t\t\t\t\t\t<\/div>\n\t\t\t\t<\/div>\n\t\t\t\t<div class=\"elementor-element elementor-element-b53637a elementor-invisible elementor-widget elementor-widget-text-editor\" data-id=\"b53637a\" data-element_type=\"widget\" data-settings=\"{&quot;_animation&quot;:&quot;fadeInUp&quot;}\" data-widget_type=\"text-editor.default\">\n\t\t\t\t<div class=\"elementor-widget-container\">\n\t\t\t\t\t\t\t<p><em>\u00ab\u00a0Je voulais vous adresser toutes mes f\u00e9licitations pour la qualit\u00e9 incroyable de ce cours. Tr\u00e8s complet, autant au niveau des documents imprimables que les vid\u00e9os. Puis la belle surprise de la s\u00e9ance compl\u00e8te qui va m&rsquo;aider \u00e0 commencer la pratique.\u00a0 Je ne saurais que recommander cette formation qui am\u00e8ne \u00e0 une possibilit\u00e9 imm\u00e9diate d&rsquo;activit\u00e9 professionnelle.\u00a0\u00bb (Judet)<\/em><\/p>\t\t\t\t\t\t<\/div>\n\t\t\t\t<\/div>\n\t\t\t\t<div class=\"elementor-element elementor-element-6937161 elementor-invisible elementor-widget elementor-widget-text-editor\" data-id=\"6937161\" data-element_type=\"widget\" data-settings=\"{&quot;_animation&quot;:&quot;fadeInUp&quot;}\" data-widget_type=\"text-editor.default\">\n\t\t\t\t<div class=\"elementor-widget-container\">\n\t\t\t\t\t\t\t<p><em style=\"color: var( --e-global-color-text );\">\u00ab\u00a0Je m&rsquo;\u00e9tais inscrite \u00e0 ce cours premi\u00e8rement par curiosit\u00e9 par rapport \u00e0 son prix, ayant d\u00e9j\u00e0 fait une formation massage \u00e0 un prix tr\u00e8s \u00e9lev\u00e9. J&rsquo;ai voulu voir ce que la v\u00f4tre m&rsquo;apporterait de plus. J&rsquo;ai constat\u00e9 avec cette autre \u00e9cole que j&rsquo;avais eu un substitut de ce que j&rsquo;ai appris avec vous ! Par exemple j&rsquo;avais eu un livret de 6 pages en noir et blanc avec beaucoup d&rsquo;\u00e9critures et tr\u00e8s peu d&rsquo;images explicatives. Avec Maelyne j&rsquo;ai eu un livret de formation de 70 pages remplies d&rsquo;illustrations et de photos en couleurs tr\u00e8s explicites. \u00a0\u00bb (Nathalie)<\/em><\/p>\t\t\t\t\t\t<\/div>\n\t\t\t\t<\/div>\n\t\t\t\t<div class=\"elementor-element elementor-element-f3edf34 elementor-invisible elementor-widget elementor-widget-image\" data-id=\"f3edf34\" data-element_type=\"widget\" data-settings=\"{&quot;_animation&quot;:&quot;fadeIn&quot;}\" data-widget_type=\"image.default\">\n\t\t\t\t<div class=\"elementor-widget-container\">\n\t\t\t\t\t\t\t\t\t\t\t\t\t<img decoding=\"async\" width=\"800\" height=\"448\" src=\"https:\/\/maelyneevolution.com\/wp-content\/uploads\/2023\/04\/promhappy-1024x574.jpg\" class=\"attachment-large size-large wp-image-9948\" alt=\"\" srcset=\"https:\/\/maelyneevolution.com\/wp-content\/uploads\/2023\/04\/promhappy-1024x574.jpg 1024w, https:\/\/maelyneevolution.com\/wp-content\/uploads\/2023\/04\/promhappy-300x168.jpg 300w, https:\/\/maelyneevolution.com\/wp-content\/uploads\/2023\/04\/promhappy-768x430.jpg 768w, https:\/\/maelyneevolution.com\/wp-content\/uploads\/2023\/04\/promhappy.jpg 1456w\" sizes=\"(max-width: 800px) 100vw, 800px\" \/>\t\t\t\t\t\t\t\t\t\t\t\t\t<\/div>\n\t\t\t\t<\/div>\n\t\t\t\t<div class=\"elementor-element elementor-element-94a1f6e elementor-invisible elementor-widget elementor-widget-text-editor\" data-id=\"94a1f6e\" data-element_type=\"widget\" data-settings=\"{&quot;_animation&quot;:&quot;fadeInUp&quot;}\" data-widget_type=\"text-editor.default\">\n\t\t\t\t<div class=\"elementor-widget-container\">\n\t\t\t\t\t\t\t<p>En achetant ce <strong>pack de 10 formations<\/strong>, vous b\u00e9n\u00e9ficierez d&rsquo;une r\u00e9duction qui vous permettra d&rsquo;\u00e9conomiser consid\u00e9rablement sur le co\u00fbt total des formations individuelles.<\/p><p>C&rsquo;est donc une opportunit\u00e9 unique pour vous de r\u00e9aliser votre r\u00eave de <strong>devenir ind\u00e9pendant<\/strong> dans les m\u00e9tiers du bien-\u00eatre, tout en \u00e9conomisant de l&rsquo;argent.<\/p><p>Alors, n&rsquo;attendez plus ! Profitez de cette offre exclusive et commencez d\u00e8s maintenant votre parcours vers l&rsquo;ind\u00e9pendance dans le bien-\u00eatre.<\/p>\t\t\t\t\t\t<\/div>\n\t\t\t\t<\/div>\n\t\t\t\t<div class=\"elementor-element elementor-element-0a0850a elementor-invisible elementor-widget elementor-widget-image\" data-id=\"0a0850a\" data-element_type=\"widget\" data-settings=\"{&quot;_animation&quot;:&quot;fadeIn&quot;}\" data-widget_type=\"image.default\">\n\t\t\t\t<div class=\"elementor-widget-container\">\n\t\t\t\t\t\t\t\t\t\t\t\t\t<img loading=\"lazy\" decoding=\"async\" width=\"800\" height=\"448\" src=\"https:\/\/maelyneevolution.com\/wp-content\/uploads\/2023\/05\/promaccueil-1024x574.jpg\" class=\"attachment-large size-large wp-image-9964\" alt=\"\" srcset=\"https:\/\/maelyneevolution.com\/wp-content\/uploads\/2023\/05\/promaccueil-1024x574.jpg 1024w, https:\/\/maelyneevolution.com\/wp-content\/uploads\/2023\/05\/promaccueil-300x168.jpg 300w, https:\/\/maelyneevolution.com\/wp-content\/uploads\/2023\/05\/promaccueil-768x430.jpg 768w, https:\/\/maelyneevolution.com\/wp-content\/uploads\/2023\/05\/promaccueil.jpg 1456w\" sizes=\"(max-width: 800px) 100vw, 800px\" \/>\t\t\t\t\t\t\t\t\t\t\t\t\t<\/div>\n\t\t\t\t<\/div>\n\t\t\t\t<div class=\"elementor-element elementor-element-b8c8930 elementor-invisible elementor-widget elementor-widget-text-editor\" data-id=\"b8c8930\" data-element_type=\"widget\" data-settings=\"{&quot;_animation&quot;:&quot;zoomIn&quot;}\" data-widget_type=\"text-editor.default\">\n\t\t\t\t<div class=\"elementor-widget-container\">\n\t\t\t\t\t\t\t<p><strong>Combien co\u00fbte ce pack ?<\/strong><\/p><p>L&rsquo;ensemble de ces dix formations pro repr\u00e9sente un prix de 18 650 euros.<\/p><p>Aujourd&rsquo;hui, et pendant une semaine seulement, vous avez la possibilit\u00e9 de suivre ces 10 cours <br \/>pour<span style=\"color: #ff0000;\"> <strong>1 750 euros seulement<\/strong><\/span>, soit <strong>90% de remise<\/strong>, moins que le prix moyen <strong>d&rsquo;une seule<\/strong> de ces p\u00e9pites d&rsquo;apprentissage<em> (prix moyen 1 850 \u20ac).<\/em><\/p><p>1 750 euros seulement pour apprendre un m\u00e9tier, pour maitriser 10 techniques incroyables qui fid\u00e9liseront votre client\u00e8le d\u00e8s le premier rendez-vous.<\/p><p><strong>En moins d&rsquo;un mois vous pourrez commencer \u00e0 exercer et \u00e0 gagner de l&rsquo;argent !<\/strong><\/p><p>Vous n&rsquo;\u00eates pas int\u00e9ress\u00e9 par le pack complet ?<\/p><p>Nous vous offrons \u00e9galement la possibilit\u00e9 d&rsquo;acqu\u00e9rir pendant cette promo un<strong> pack de 3 formations<\/strong> au choix parmi les 10 au prix exceptionnel de<strong><span style=\"color: #ff0000;\"> 599 \u20ac seulement<\/span>, <\/strong>soit toujours <strong>90 %\u00a0 de r\u00e9duction, et <span style=\"color: #ff0000;\">payable en 3 fois<\/span> par carte <span style=\"color: #ff0000;\">ou en 4 fois<\/span> via Paypal.<\/strong><\/p>\t\t\t\t\t\t<\/div>\n\t\t\t\t<\/div>\n\t\t\t\t<div class=\"elementor-element elementor-element-791cc8a elementor-widget elementor-widget-text-editor\" data-id=\"791cc8a\" data-element_type=\"widget\" data-widget_type=\"text-editor.default\">\n\t\t\t\t<div class=\"elementor-widget-container\">\n\t\t\t\t\t\t\t<p style=\"text-align: center;\"><span style=\"color: #993300;\"><strong>Faites votre choix :<\/strong><\/span><\/p>\t\t\t\t\t\t<\/div>\n\t\t\t\t<\/div>\n\t\t\t\t\t<\/div>\n\t\t<\/div>\n\t\t\t\t\t<\/div>\n\t\t<\/section>\n\t\t\t\t<section class=\"elementor-section elementor-top-section elementor-element elementor-element-f12329b elementor-section-boxed elementor-section-height-default elementor-section-height-default\" data-id=\"f12329b\" data-element_type=\"section\">\n\t\t\t\t\t\t<div class=\"elementor-container elementor-column-gap-default\">\n\t\t\t\t\t<div class=\"elementor-column elementor-col-50 elementor-top-column elementor-element elementor-element-7bdda72\" data-id=\"7bdda72\" data-element_type=\"column\">\n\t\t\t<div class=\"elementor-widget-wrap elementor-element-populated\">\n\t\t\t\t\t\t<div class=\"elementor-element elementor-element-cdac78c elementor-invisible elementor-widget elementor-widget-image\" data-id=\"cdac78c\" data-element_type=\"widget\" data-settings=\"{&quot;_animation&quot;:&quot;bounceInLeft&quot;}\" data-widget_type=\"image.default\">\n\t\t\t\t<div class=\"elementor-widget-container\">\n\t\t\t\t\t\t\t\t\t\t\t\t\t\t<a href=\"https:\/\/maelyneevolution.com\/index.php\/promoflashpro-pack-10\/\">\n\t\t\t\t\t\t\t<img loading=\"lazy\" decoding=\"async\" width=\"300\" height=\"219\" src=\"https:\/\/maelyneevolution.com\/wp-content\/uploads\/2023\/05\/pack10-300x219.jpg\" class=\"attachment-medium size-medium wp-image-9963\" alt=\"\" srcset=\"https:\/\/maelyneevolution.com\/wp-content\/uploads\/2023\/05\/pack10-300x219.jpg 300w, https:\/\/maelyneevolution.com\/wp-content\/uploads\/2023\/05\/pack10-1024x748.jpg 1024w, https:\/\/maelyneevolution.com\/wp-content\/uploads\/2023\/05\/pack10-768x561.jpg 768w, https:\/\/maelyneevolution.com\/wp-content\/uploads\/2023\/05\/pack10.jpg 1059w\" sizes=\"(max-width: 300px) 100vw, 300px\" \/>\t\t\t\t\t\t\t\t<\/a>\n\t\t\t\t\t\t\t\t\t\t\t\t\t<\/div>\n\t\t\t\t<\/div>\n\t\t\t\t\t<\/div>\n\t\t<\/div>\n\t\t\t\t<div class=\"elementor-column elementor-col-50 elementor-top-column elementor-element elementor-element-e563123\" data-id=\"e563123\" data-element_type=\"column\">\n\t\t\t<div class=\"elementor-widget-wrap elementor-element-populated\">\n\t\t\t\t\t\t<div class=\"elementor-element elementor-element-7d5b7c0 elementor-invisible elementor-widget elementor-widget-image\" data-id=\"7d5b7c0\" data-element_type=\"widget\" data-settings=\"{&quot;_animation&quot;:&quot;bounceInRight&quot;}\" data-widget_type=\"image.default\">\n\t\t\t\t<div class=\"elementor-widget-container\">\n\t\t\t\t\t\t\t\t\t\t\t\t\t\t<a href=\"https:\/\/maelyneevolution.com\/index.php\/promoflashpro-pack-3\/\">\n\t\t\t\t\t\t\t<img loading=\"lazy\" decoding=\"async\" width=\"300\" height=\"219\" src=\"https:\/\/maelyneevolution.com\/wp-content\/uploads\/2023\/05\/pack3-300x219.jpg\" class=\"attachment-medium size-medium wp-image-9962\" alt=\"\" srcset=\"https:\/\/maelyneevolution.com\/wp-content\/uploads\/2023\/05\/pack3-300x219.jpg 300w, https:\/\/maelyneevolution.com\/wp-content\/uploads\/2023\/05\/pack3-1024x748.jpg 1024w, https:\/\/maelyneevolution.com\/wp-content\/uploads\/2023\/05\/pack3-768x561.jpg 768w, https:\/\/maelyneevolution.com\/wp-content\/uploads\/2023\/05\/pack3.jpg 1059w\" sizes=\"(max-width: 300px) 100vw, 300px\" \/>\t\t\t\t\t\t\t\t<\/a>\n\t\t\t\t\t\t\t\t\t\t\t\t\t<\/div>\n\t\t\t\t<\/div>\n\t\t\t\t\t<\/div>\n\t\t<\/div>\n\t\t\t\t\t<\/div>\n\t\t<\/section>\n\t\t\t\t<section class=\"elementor-section elementor-top-section elementor-element elementor-element-7e1259d elementor-section-boxed elementor-section-height-default elementor-section-height-default\" data-id=\"7e1259d\" data-element_type=\"section\">\n\t\t\t\t\t\t<div class=\"elementor-container elementor-column-gap-default\">\n\t\t\t\t\t<div class=\"elementor-column elementor-col-100 elementor-top-column elementor-element elementor-element-1f6b21f\" data-id=\"1f6b21f\" data-element_type=\"column\">\n\t\t\t<div class=\"elementor-widget-wrap elementor-element-populated\">\n\t\t\t\t\t\t<div class=\"elementor-element elementor-element-0935955 elementor-invisible elementor-widget elementor-widget-text-editor\" data-id=\"0935955\" data-element_type=\"widget\" data-settings=\"{&quot;_animation&quot;:&quot;fadeInUp&quot;}\" data-widget_type=\"text-editor.default\">\n\t\t\t\t<div class=\"elementor-widget-container\">\n\t\t\t\t\t\t\t<p>Pour plus d&rsquo;informations, n&rsquo;h\u00e9sitez pas \u00e0 consulter <span style=\"text-decoration: underline;\"><a href=\"https:\/\/maelyneevolution.com\/\">notre site web<\/a> <\/span>ou \u00e0 nous <span style=\"text-decoration: underline;\"><a href=\"mailto:maelynevolution@gmail.com\">contacter<\/a><\/span> directement. Nous sommes l\u00e0 pour r\u00e9pondre \u00e0 toutes vos questions et vous aider \u00e0 r\u00e9ussir.<\/p>\t\t\t\t\t\t<\/div>\n\t\t\t\t<\/div>\n\t\t\t\t\t<\/div>\n\t\t<\/div>\n\t\t\t\t\t<\/div>\n\t\t<\/section>\n\t\t\t\t<\/div>\n\t\t","protected":false},"excerpt":{"rendered":"<p>Vous souhaitez devenir ind\u00e9pendant dans les m\u00e9tiers du bien-\u00eatre ? Nous avons une offre exceptionnelle pour vous ! Pendant une dur\u00e9e limit\u00e9e, nous vous proposons un pack de 10 formations pour le prix d&rsquo;une ! 10 formations e-learning certifiantes (Maelyne Evolution) exclusives pour vous aider \u00e0 acqu\u00e9rir les comp\u00e9tences n\u00e9cessaires pour lancer rapidement votre activit\u00e9. [&hellip;]<\/p>\n","protected":false},"author":1,"featured_media":0,"parent":0,"menu_order":0,"comment_status":"closed","ping_status":"closed","template":"","meta":{"_seopress_robots_primary_cat":"","_seopress_titles_title":"","_seopress_titles_desc":"","_seopress_robots_index":"","_monsterinsights_skip_tracking":false,"_monsterinsights_sitenote_active":false,"_monsterinsights_sitenote_note":"","_monsterinsights_sitenote_category":0},"_links":{"self":[{"href":"https:\/\/maelyneevolution.com\/index.php\/wp-json\/wp\/v2\/pages\/9810"}],"collection":[{"href":"https:\/\/maelyneevolution.com\/index.php\/wp-json\/wp\/v2\/pages"}],"about":[{"href":"https:\/\/maelyneevolution.com\/index.php\/wp-json\/wp\/v2\/types\/page"}],"author":[{"embeddable":true,"href":"https:\/\/maelyneevolution.com\/index.php\/wp-json\/wp\/v2\/users\/1"}],"replies":[{"embeddable":true,"href":"https:\/\/maelyneevolution.com\/index.php\/wp-json\/wp\/v2\/comments?post=9810"}],"version-history":[{"count":85,"href":"https:\/\/maelyneevolution.com\/index.php\/wp-json\/wp\/v2\/pages\/9810\/revisions"}],"predecessor-version":[{"id":10155,"href":"https:\/\/maelyneevolution.com\/index.php\/wp-json\/wp\/v2\/pages\/9810\/revisions\/10155"}],"wp:attachment":[{"href":"https:\/\/maelyneevolution.com\/index.php\/wp-json\/wp\/v2\/media?parent=9810"}],"curies":[{"name":"wp","href":"https:\/\/api.w.org\/{rel}","templated":true}]}}