{"id":5376,"date":"2022-04-02T12:50:10","date_gmt":"2022-04-02T12:50:10","guid":{"rendered":"https:\/\/maelyneevolution.com\/?page_id=5376"},"modified":"2022-10-15T10:16:10","modified_gmt":"2022-10-15T10:16:10","slug":"international","status":"publish","type":"page","link":"https:\/\/maelyneevolution.com\/index.php\/international\/","title":{"rendered":"International"},"content":{"rendered":"\t\t<div data-elementor-type=\"wp-page\" data-elementor-id=\"5376\" class=\"elementor elementor-5376\">\n\t\t\t\t\t\t<section class=\"elementor-section elementor-top-section elementor-element elementor-element-70ef5d70 elementor-section-boxed elementor-section-height-default elementor-section-height-default\" data-id=\"70ef5d70\" data-element_type=\"section\">\n\t\t\t\t\t\t<div class=\"elementor-container elementor-column-gap-default\">\n\t\t\t\t\t<div class=\"elementor-column elementor-col-100 elementor-top-column elementor-element elementor-element-65e743c1\" data-id=\"65e743c1\" data-element_type=\"column\">\n\t\t\t<div class=\"elementor-widget-wrap elementor-element-populated\">\n\t\t\t\t\t\t<div class=\"elementor-element elementor-element-49217167 eael-dual-header-content-align-center elementor-widget elementor-widget-eael-dual-color-header\" data-id=\"49217167\" data-element_type=\"widget\" data-widget_type=\"eael-dual-color-header.default\">\n\t\t\t\t<div class=\"elementor-widget-container\">\n\t\t\t\t\t\t<div class=\"eael-dual-header\">\n\t\t\t\t<h2 class=\"title eael-dch-title\"><span class=\"eael-dch-title-text eael-dch-title-lead lead solid-color\">Versions<\/span> <span class=\"eael-dch-title-text\">internationales<\/span><\/h2>\t\t\t\t\t<span class=\"subtext\"><p><strong><span style=\"color: #0000ff\">English<\/span> &amp; <span style=\"color: #ff0000\">Espa\u00f1ol<\/span><\/strong><\/p><\/span>\n\t\t\t\t\t\t\t\t\t<span class=\"eael-dch-svg-icon\"><i aria-hidden=\"true\" class=\"fas fa-scroll\"><\/i><\/span>\t\t\t\t\t\t\t<\/div>\n\n\t\t\t\t<\/div>\n\t\t\t\t<\/div>\n\t\t\t\t\t<\/div>\n\t\t<\/div>\n\t\t\t\t\t<\/div>\n\t\t<\/section>\n\t\t\t\t<section class=\"elementor-section elementor-top-section elementor-element elementor-element-14b8589 elementor-section-boxed elementor-section-height-default elementor-section-height-default\" data-id=\"14b8589\" data-element_type=\"section\">\n\t\t\t\t\t\t<div class=\"elementor-container elementor-column-gap-default\">\n\t\t\t\t\t<div class=\"elementor-column elementor-col-100 elementor-top-column elementor-element elementor-element-abd4722\" data-id=\"abd4722\" data-element_type=\"column\">\n\t\t\t<div class=\"elementor-widget-wrap elementor-element-populated\">\n\t\t\t\t\t\t<div class=\"elementor-element elementor-element-2a4185f elementor-widget elementor-widget-image\" data-id=\"2a4185f\" data-element_type=\"widget\" data-widget_type=\"image.default\">\n\t\t\t\t<div class=\"elementor-widget-container\">\n\t\t\t<style>\/*! elementor - v3.23.0 - 05-08-2024 *\/\n.elementor-widget-image{text-align:center}.elementor-widget-image a{display:inline-block}.elementor-widget-image a img[src$=\".svg\"]{width:48px}.elementor-widget-image img{vertical-align:middle;display:inline-block}<\/style>\t\t\t\t\t\t\t\t\t\t<img fetchpriority=\"high\" decoding=\"async\" width=\"800\" height=\"356\" src=\"https:\/\/maelyneevolution.com\/wp-content\/uploads\/2022\/04\/international-1024x456.jpg\" class=\"attachment-large size-large wp-image-5395\" alt=\"\" srcset=\"https:\/\/maelyneevolution.com\/wp-content\/uploads\/2022\/04\/international-1024x456.jpg 1024w, https:\/\/maelyneevolution.com\/wp-content\/uploads\/2022\/04\/international-300x134.jpg 300w, https:\/\/maelyneevolution.com\/wp-content\/uploads\/2022\/04\/international-768x342.jpg 768w, https:\/\/maelyneevolution.com\/wp-content\/uploads\/2022\/04\/international.jpg 1500w\" sizes=\"(max-width: 800px) 100vw, 800px\" \/>\t\t\t\t\t\t\t\t\t\t\t\t\t<\/div>\n\t\t\t\t<\/div>\n\t\t\t\t<div class=\"elementor-element elementor-element-8b12687 elementor-widget elementor-widget-text-editor\" data-id=\"8b12687\" data-element_type=\"widget\" data-widget_type=\"text-editor.default\">\n\t\t\t\t<div class=\"elementor-widget-container\">\n\t\t\t<style>\/*! elementor - v3.23.0 - 05-08-2024 *\/\n.elementor-widget-text-editor.elementor-drop-cap-view-stacked .elementor-drop-cap{background-color:#69727d;color:#fff}.elementor-widget-text-editor.elementor-drop-cap-view-framed .elementor-drop-cap{color:#69727d;border:3px solid;background-color:transparent}.elementor-widget-text-editor:not(.elementor-drop-cap-view-default) .elementor-drop-cap{margin-top:8px}.elementor-widget-text-editor:not(.elementor-drop-cap-view-default) .elementor-drop-cap-letter{width:1em;height:1em}.elementor-widget-text-editor .elementor-drop-cap{float:left;text-align:center;line-height:1;font-size:50px}.elementor-widget-text-editor .elementor-drop-cap-letter{display:inline-block}<\/style>\t\t\t\t<p style=\"text-align: center;\">Soucieuse de proposer ses ateliers au plus grand nombre, Maelyne Evolution va progressivement adapter ses cours en anglais et en espagnol.<\/p><p style=\"text-align: center;\">La r\u00e9flexologie plantaire est la premi\u00e8re discipline \u00e0 \u00eatre disponible dans ces deux langues.<\/p>\t\t\t\t\t\t<\/div>\n\t\t\t\t<\/div>\n\t\t\t\t<div class=\"elementor-element elementor-element-848b39d elementor-widget elementor-widget-image\" data-id=\"848b39d\" data-element_type=\"widget\" data-widget_type=\"image.default\">\n\t\t\t\t<div class=\"elementor-widget-container\">\n\t\t\t\t\t\t\t\t\t\t\t\t\t<img decoding=\"async\" width=\"800\" height=\"534\" src=\"https:\/\/maelyneevolution.com\/wp-content\/uploads\/2022\/04\/international-2-1024x683.jpg\" class=\"attachment-large size-large wp-image-5394\" alt=\"\" srcset=\"https:\/\/maelyneevolution.com\/wp-content\/uploads\/2022\/04\/international-2-1024x683.jpg 1024w, https:\/\/maelyneevolution.com\/wp-content\/uploads\/2022\/04\/international-2-300x200.jpg 300w, https:\/\/maelyneevolution.com\/wp-content\/uploads\/2022\/04\/international-2-768x512.jpg 768w, https:\/\/maelyneevolution.com\/wp-content\/uploads\/2022\/04\/international-2.jpg 1500w\" sizes=\"(max-width: 800px) 100vw, 800px\" \/>\t\t\t\t\t\t\t\t\t\t\t\t\t<\/div>\n\t\t\t\t<\/div>\n\t\t\t\t<div class=\"elementor-element elementor-element-7a6322f elementor-widget elementor-widget-text-editor\" data-id=\"7a6322f\" data-element_type=\"widget\" data-widget_type=\"text-editor.default\">\n\t\t\t\t<div class=\"elementor-widget-container\">\n\t\t\t\t\t\t\t<p style=\"text-align: center;\"><strong><span style=\"color: #0000ff; font-family: var( --e-global-typography-text-font-family ), Sans-serif; font-size: var( --e-global-typography-text-font-size );\">Do not hesitate to <span style=\"text-decoration: underline;\"><a href=\"https:\/\/maelyneevolution.com\/index.php\/contact_international\/\">contact us,<\/a><\/span> if you want to follow our course about plantar reflexology in English.<\/span><\/strong><\/p><p style=\"text-align: center;\"><strong><span style=\"color: #ff0000;\">No vacile usted a <span style=\"text-decoration: underline;\"><a href=\"https:\/\/maelyneevolution.com\/index.php\/contact_international\/\">contactarnos<\/a><\/span> si quiere usted seguir nuestro curso sobre la reflexolog\u00eda plantar en<\/span><\/strong><strong style=\"color: var( --e-global-color-text ); font-family: var( --e-global-typography-text-font-family ), Sans-serif; font-size: var( --e-global-typography-text-font-size );\"><span style=\"color: #ff0000;\">\u00a0espa\u00f1ol.<\/span><\/strong><\/p>\t\t\t\t\t\t<\/div>\n\t\t\t\t<\/div>\n\t\t\t\t\t<\/div>\n\t\t<\/div>\n\t\t\t\t\t<\/div>\n\t\t<\/section>\n\t\t\t\t<\/div>\n\t\t","protected":false},"excerpt":{"rendered":"<p>Versions internationales English &amp; Espa\u00f1ol Soucieuse de proposer ses ateliers au plus grand nombre, Maelyne Evolution va progressivement adapter ses cours en anglais et en espagnol. La r\u00e9flexologie plantaire est la premi\u00e8re discipline \u00e0 \u00eatre disponible dans ces deux langues. Do not hesitate to contact us, if you want to follow our course about plantar [&hellip;]<\/p>\n","protected":false},"author":1,"featured_media":0,"parent":0,"menu_order":0,"comment_status":"closed","ping_status":"closed","template":"","meta":{"_seopress_robots_primary_cat":"","_seopress_titles_title":"","_seopress_titles_desc":"","_seopress_robots_index":"","_monsterinsights_skip_tracking":false,"_monsterinsights_sitenote_active":false,"_monsterinsights_sitenote_note":"","_monsterinsights_sitenote_category":0},"_links":{"self":[{"href":"https:\/\/maelyneevolution.com\/index.php\/wp-json\/wp\/v2\/pages\/5376"}],"collection":[{"href":"https:\/\/maelyneevolution.com\/index.php\/wp-json\/wp\/v2\/pages"}],"about":[{"href":"https:\/\/maelyneevolution.com\/index.php\/wp-json\/wp\/v2\/types\/page"}],"author":[{"embeddable":true,"href":"https:\/\/maelyneevolution.com\/index.php\/wp-json\/wp\/v2\/users\/1"}],"replies":[{"embeddable":true,"href":"https:\/\/maelyneevolution.com\/index.php\/wp-json\/wp\/v2\/comments?post=5376"}],"version-history":[{"count":21,"href":"https:\/\/maelyneevolution.com\/index.php\/wp-json\/wp\/v2\/pages\/5376\/revisions"}],"predecessor-version":[{"id":8051,"href":"https:\/\/maelyneevolution.com\/index.php\/wp-json\/wp\/v2\/pages\/5376\/revisions\/8051"}],"wp:attachment":[{"href":"https:\/\/maelyneevolution.com\/index.php\/wp-json\/wp\/v2\/media?parent=5376"}],"curies":[{"name":"wp","href":"https:\/\/api.w.org\/{rel}","templated":true}]}}