{"id":2809,"date":"2021-11-25T09:21:32","date_gmt":"2021-11-25T09:21:32","guid":{"rendered":"https:\/\/maelyneevolution.com\/?page_id=2809"},"modified":"2021-12-05T17:18:21","modified_gmt":"2021-12-05T17:18:21","slug":"calculateur-de-chemin-de-vie","status":"publish","type":"page","link":"https:\/\/maelyneevolution.com\/index.php\/calculateur-de-chemin-de-vie\/","title":{"rendered":"Calculateur de chemin de vie"},"content":{"rendered":"\t\t<div data-elementor-type=\"wp-page\" data-elementor-id=\"2809\" class=\"elementor elementor-2809\">\n\t\t\t\t\t\t<section class=\"elementor-section elementor-top-section elementor-element elementor-element-379fdaf9 elementor-section-boxed elementor-section-height-default elementor-section-height-default\" data-id=\"379fdaf9\" data-element_type=\"section\">\n\t\t\t\t\t\t<div class=\"elementor-container elementor-column-gap-default\">\n\t\t\t\t\t<div class=\"elementor-column elementor-col-100 elementor-top-column elementor-element elementor-element-7d615434\" data-id=\"7d615434\" data-element_type=\"column\">\n\t\t\t<div class=\"elementor-widget-wrap elementor-element-populated\">\n\t\t\t\t\t\t<div class=\"elementor-element elementor-element-21270d87 elementor-invisible elementor-widget elementor-widget-heading\" data-id=\"21270d87\" data-element_type=\"widget\" data-settings=\"{&quot;_animation&quot;:&quot;bounceInDown&quot;}\" data-widget_type=\"heading.default\">\n\t\t\t\t<div class=\"elementor-widget-container\">\n\t\t\t<style>\/*! elementor - v3.23.0 - 05-08-2024 *\/\n.elementor-heading-title{padding:0;margin:0;line-height:1}.elementor-widget-heading .elementor-heading-title[class*=elementor-size-]>a{color:inherit;font-size:inherit;line-height:inherit}.elementor-widget-heading .elementor-heading-title.elementor-size-small{font-size:15px}.elementor-widget-heading .elementor-heading-title.elementor-size-medium{font-size:19px}.elementor-widget-heading .elementor-heading-title.elementor-size-large{font-size:29px}.elementor-widget-heading .elementor-heading-title.elementor-size-xl{font-size:39px}.elementor-widget-heading .elementor-heading-title.elementor-size-xxl{font-size:59px}<\/style><h2 class=\"elementor-heading-title elementor-size-default\">Le Calculateur de Chemin de vie<\/h2>\t\t<\/div>\n\t\t\t\t<\/div>\n\t\t\t\t<section class=\"elementor-section elementor-inner-section elementor-element elementor-element-7b39ddde elementor-section-boxed elementor-section-height-default elementor-section-height-default\" data-id=\"7b39ddde\" data-element_type=\"section\">\n\t\t\t\t\t\t<div class=\"elementor-container elementor-column-gap-default\">\n\t\t\t\t\t<div class=\"elementor-column elementor-col-33 elementor-inner-column elementor-element elementor-element-1a8e350c\" data-id=\"1a8e350c\" data-element_type=\"column\" data-settings=\"{&quot;background_background&quot;:&quot;classic&quot;}\">\n\t\t\t<div class=\"elementor-widget-wrap elementor-element-populated\">\n\t\t\t\t\t\t<div class=\"elementor-element elementor-element-3d16481a elementor-invisible elementor-widget elementor-widget-text-editor\" data-id=\"3d16481a\" data-element_type=\"widget\" data-settings=\"{&quot;_animation&quot;:&quot;fadeInLeft&quot;}\" data-widget_type=\"text-editor.default\">\n\t\t\t\t<div class=\"elementor-widget-container\">\n\t\t\t<style>\/*! elementor - v3.23.0 - 05-08-2024 *\/\n.elementor-widget-text-editor.elementor-drop-cap-view-stacked .elementor-drop-cap{background-color:#69727d;color:#fff}.elementor-widget-text-editor.elementor-drop-cap-view-framed .elementor-drop-cap{color:#69727d;border:3px solid;background-color:transparent}.elementor-widget-text-editor:not(.elementor-drop-cap-view-default) .elementor-drop-cap{margin-top:8px}.elementor-widget-text-editor:not(.elementor-drop-cap-view-default) .elementor-drop-cap-letter{width:1em;height:1em}.elementor-widget-text-editor .elementor-drop-cap{float:left;text-align:center;line-height:1;font-size:50px}.elementor-widget-text-editor .elementor-drop-cap-letter{display:inline-block}<\/style>\t\t\t\t<p>Avec les lettres de vos pr\u00e9noms et de votre nom<b>, vous avez la possibilit\u00e9 de conna\u00eetre les 8 pierres qui constituent votre chemin de vie.<\/b><\/p><p><img fetchpriority=\"high\" decoding=\"async\" class=\"alignnone  wp-image-1827\" src=\"https:\/\/maelyneevolution.com\/wp-content\/uploads\/2021\/10\/chemin05-300x74.jpg\" alt=\"ccv\" width=\"503\" height=\"124\" srcset=\"https:\/\/maelyneevolution.com\/wp-content\/uploads\/2021\/10\/chemin05-300x74.jpg 300w, https:\/\/maelyneevolution.com\/wp-content\/uploads\/2021\/10\/chemin05.jpg 500w\" sizes=\"(max-width: 503px) 100vw, 503px\" \/><\/p><ul><li>La pierre de Base<\/li><li>La pierre de Sommet<\/li><li>La pierre de Chemin de vie<\/li><li>La pierre d&rsquo;Appel<\/li><li>La pierre de Personnalit\u00e9<\/li><li>La pierre d&rsquo;Expression<\/li><li>La pierre de Touche<\/li><li>La pierre de Voeux<\/li><\/ul>\t\t\t\t\t\t<\/div>\n\t\t\t\t<\/div>\n\t\t\t\t\t<\/div>\n\t\t<\/div>\n\t\t\t\t<div class=\"elementor-column elementor-col-33 elementor-inner-column elementor-element elementor-element-2addeb8a\" data-id=\"2addeb8a\" data-element_type=\"column\" data-settings=\"{&quot;background_background&quot;:&quot;classic&quot;}\">\n\t\t\t<div class=\"elementor-widget-wrap elementor-element-populated\">\n\t\t\t\t\t\t<div class=\"elementor-element elementor-element-7eb2bbd7 elementor-invisible elementor-widget elementor-widget-image\" data-id=\"7eb2bbd7\" data-element_type=\"widget\" data-settings=\"{&quot;_animation&quot;:&quot;fadeIn&quot;}\" data-widget_type=\"image.default\">\n\t\t\t\t<div class=\"elementor-widget-container\">\n\t\t\t<style>\/*! elementor - v3.23.0 - 05-08-2024 *\/\n.elementor-widget-image{text-align:center}.elementor-widget-image a{display:inline-block}.elementor-widget-image a img[src$=\".svg\"]{width:48px}.elementor-widget-image img{vertical-align:middle;display:inline-block}<\/style>\t\t\t\t\t\t\t\t\t\t<img decoding=\"async\" width=\"800\" height=\"679\" src=\"https:\/\/maelyneevolution.com\/wp-content\/uploads\/2021\/10\/ccv-1024x869.jpg\" class=\"attachment-large size-large wp-image-1822\" alt=\"chemin de vie\" srcset=\"https:\/\/maelyneevolution.com\/wp-content\/uploads\/2021\/10\/ccv-1024x869.jpg 1024w, https:\/\/maelyneevolution.com\/wp-content\/uploads\/2021\/10\/ccv-300x255.jpg 300w, https:\/\/maelyneevolution.com\/wp-content\/uploads\/2021\/10\/ccv-768x652.jpg 768w, https:\/\/maelyneevolution.com\/wp-content\/uploads\/2021\/10\/ccv.jpg 1300w\" sizes=\"(max-width: 800px) 100vw, 800px\" \/>\t\t\t\t\t\t\t\t\t\t\t\t\t<\/div>\n\t\t\t\t<\/div>\n\t\t\t\t<div class=\"elementor-element elementor-element-47c5a167 elementor-widget elementor-widget-heading\" data-id=\"47c5a167\" data-element_type=\"widget\" data-widget_type=\"heading.default\">\n\t\t\t\t<div class=\"elementor-widget-container\">\n\t\t\t<h2 class=\"elementor-heading-title elementor-size-default\">Prix : 10 \u20ac<\/h2>\t\t<\/div>\n\t\t\t\t<\/div>\n\t\t\t\t<div class=\"elementor-element elementor-element-7388da57 elementor-widget elementor-widget-text-editor\" data-id=\"7388da57\" data-element_type=\"widget\" data-widget_type=\"text-editor.default\">\n\t\t\t\t<div class=\"elementor-widget-container\">\n\t\t\t\t\t\t\t<p>(cahier PDF \u00e0 t\u00e9l\u00e9charger et \u00e0 imprimer) <\/p>\t\t\t\t\t\t<\/div>\n\t\t\t\t<\/div>\n\t\t\t\t\t<\/div>\n\t\t<\/div>\n\t\t\t\t<div class=\"elementor-column elementor-col-33 elementor-inner-column elementor-element elementor-element-e6760c9\" data-id=\"e6760c9\" data-element_type=\"column\" data-settings=\"{&quot;background_background&quot;:&quot;classic&quot;}\">\n\t\t\t<div class=\"elementor-widget-wrap elementor-element-populated\">\n\t\t\t\t\t\t<div class=\"elementor-element elementor-element-5ec00c7 elementor-invisible elementor-widget elementor-widget-text-editor\" data-id=\"5ec00c7\" data-element_type=\"widget\" data-settings=\"{&quot;_animation&quot;:&quot;fadeInRight&quot;}\" data-widget_type=\"text-editor.default\">\n\t\t\t\t<div class=\"elementor-widget-container\">\n\t\t\t\t\t\t\t<p>La pierre de Base par exemple, repr\u00e9sente nos racines, le lien avec nos anc\u00eatres. Elle repr\u00e9sente notre ancrage \u00e0 la Terre. Port\u00e9e sur soi, elle permet d&rsquo;\u00e9voluer et de s&rsquo;ouvrir aux cadeaux que la vie nous r\u00e9serve. Il est conseill\u00e9 de la porter longtemps sur nous en cas de difficult\u00e9s.<\/p><p>A l&rsquo;aide de ce cahier sp\u00e9cial de 17 pages, vous connaitrez les 33 pierres possibles sur votre chemin de vie, et vous serez capable de calculer pour vous et pour votre entourage quelle pierre correspond \u00e0 quel aspect de votre destin\u00e9e.<\/p>\t\t\t\t\t\t<\/div>\n\t\t\t\t<\/div>\n\t\t\t\t<div class=\"elementor-element elementor-element-1f62c751 elementor-widget elementor-widget-html\" data-id=\"1f62c751\" data-element_type=\"widget\" data-widget_type=\"html.default\">\n\t\t\t\t<div class=\"elementor-widget-container\">\n\t\t\t<form action=\"https:\/\/www.paypal.com\/cgi-bin\/webscr\" method=\"post\" target=\"_top\">\r\n<input type=\"hidden\" name=\"cmd\" value=\"_s-xclick\">\r\n<input type=\"hidden\" name=\"hosted_button_id\" value=\"2EZD7XB29VKS8\">\r\n<input type=\"image\" src=\"https:\/\/maelyneevolution.com\/images\/boutonpaysmall.gif\" border=\"0\" name=\"submit\" alt=\"PayPal, le r\u00e9flexe s\u00e9curit\u00e9 pour payer en ligne\">\r\n<img decoding=\"async\" alt=\"\" border=\"0\" src=\"https:\/\/www.paypalobjects.com\/fr_FR\/i\/scr\/pixel.gif\" width=\"1\" height=\"1\">\r\n<\/form>\t\t<\/div>\n\t\t\t\t<\/div>\n\t\t\t\t<div class=\"elementor-element elementor-element-fbdbf00 elementor-widget elementor-widget-image\" data-id=\"fbdbf00\" data-element_type=\"widget\" data-widget_type=\"image.default\">\n\t\t\t\t<div class=\"elementor-widget-container\">\n\t\t\t\t\t\t\t\t\t\t\t\t\t<img loading=\"lazy\" decoding=\"async\" width=\"204\" height=\"300\" src=\"https:\/\/maelyneevolution.com\/wp-content\/uploads\/2021\/12\/ccvcahier-204x300.png\" class=\"attachment-medium size-medium wp-image-3160\" alt=\"\" srcset=\"https:\/\/maelyneevolution.com\/wp-content\/uploads\/2021\/12\/ccvcahier-204x300.png 204w, https:\/\/maelyneevolution.com\/wp-content\/uploads\/2021\/12\/ccvcahier.png 340w\" sizes=\"(max-width: 204px) 100vw, 204px\" \/>\t\t\t\t\t\t\t\t\t\t\t\t\t<\/div>\n\t\t\t\t<\/div>\n\t\t\t\t\t<\/div>\n\t\t<\/div>\n\t\t\t\t\t<\/div>\n\t\t<\/section>\n\t\t\t\t\t<\/div>\n\t\t<\/div>\n\t\t\t\t\t<\/div>\n\t\t<\/section>\n\t\t\t\t<\/div>\n\t\t","protected":false},"excerpt":{"rendered":"<p>Le Calculateur de Chemin de vie Avec les lettres de vos pr\u00e9noms et de votre nom, vous avez la possibilit\u00e9 de conna\u00eetre les 8 pierres qui constituent votre chemin de vie. La pierre de Base La pierre de Sommet La pierre de Chemin de vie La pierre d&rsquo;Appel La pierre de Personnalit\u00e9 La pierre d&rsquo;Expression [&hellip;]<\/p>\n","protected":false},"author":1,"featured_media":0,"parent":0,"menu_order":0,"comment_status":"closed","ping_status":"closed","template":"","meta":{"_seopress_robots_primary_cat":"","_seopress_titles_title":"","_seopress_titles_desc":"","_seopress_robots_index":"","_monsterinsights_skip_tracking":false,"_monsterinsights_sitenote_active":false,"_monsterinsights_sitenote_note":"","_monsterinsights_sitenote_category":0},"_links":{"self":[{"href":"https:\/\/maelyneevolution.com\/index.php\/wp-json\/wp\/v2\/pages\/2809"}],"collection":[{"href":"https:\/\/maelyneevolution.com\/index.php\/wp-json\/wp\/v2\/pages"}],"about":[{"href":"https:\/\/maelyneevolution.com\/index.php\/wp-json\/wp\/v2\/types\/page"}],"author":[{"embeddable":true,"href":"https:\/\/maelyneevolution.com\/index.php\/wp-json\/wp\/v2\/users\/1"}],"replies":[{"embeddable":true,"href":"https:\/\/maelyneevolution.com\/index.php\/wp-json\/wp\/v2\/comments?post=2809"}],"version-history":[{"count":7,"href":"https:\/\/maelyneevolution.com\/index.php\/wp-json\/wp\/v2\/pages\/2809\/revisions"}],"predecessor-version":[{"id":3163,"href":"https:\/\/maelyneevolution.com\/index.php\/wp-json\/wp\/v2\/pages\/2809\/revisions\/3163"}],"wp:attachment":[{"href":"https:\/\/maelyneevolution.com\/index.php\/wp-json\/wp\/v2\/media?parent=2809"}],"curies":[{"name":"wp","href":"https:\/\/api.w.org\/{rel}","templated":true}]}}